test common factor of p and 117.
13
Let r = -61 - -193. Let x be (56/(-168))/(-4*3/1584). Calculate the highest common factor of r and x.
44
Let w be ((-154)/11 - (-37 - -8))/(10/12). Suppose 0*r - r = -126. What is the greatest common factor of w and r?
18
Let f(y) = y**3 + y**2 + 2*y + 4. Let r be f(-3). Let h = r - -92. What is the greatest common divisor of h and 8?
8
Let w(b) be the third derivative of b**5/20 + 9*b**4/8 - 19*b**3/6 - 31*b**2. Let u be w(-10). Calculate the greatest common factor of 121 and u.
11
Let i be (-1869)/(-15) - (-4)/10. Suppose 0 = -3*k - 30*k + 8*k + 625. What is the greatest common factor of i and k?
25
Suppose 2*b - 4*f - 136 = 0, 19 + 121 = 2*b - 5*f. Suppose -1172 + 512 = -44*a. Calculate the greatest common factor of b and a.
15
Let f = -45 - -49. Suppose 12 - 16 = -f*y. Let v be 1/(y*(-1)/(-14)). Calculate the greatest common divisor of 112 and v.
14
Let p(f) = 24*f**2 - 14*f - 30*f**2 + 18 + 14 - 2*f**3 + 3*f**3. Let g be p(8). Calculate the highest common divisor of 3 and g.
3
Suppose 65*j = 175*j - 19*j - 1365. Calculate the highest common factor of j and 905.
5
Let g be (-5)/((-480)/3056) - (1/6)/(-1). Let w = 4 + 12. What is the highest common factor of g and w?
16
Suppose 0 = 2*s - 1 - 9. Suppose -s*h = -8*h + 15. Suppose -4*m + h*w + 47 = -0*w, m = -4*w - 4. What is the greatest common factor of m and 80?
8
Suppose 342*u + 4072 = 350*u. Let d = u - 433. Let x = -3 + 7. Calculate the greatest common factor of d and x.
4
Let u(i) = 21*i**2 - 1. Let s be u(-1). Let d(j) = -j**3 - 65*j**2 + 85*j + 1434. Let a be d(-66). Calculate the greatest common divisor of a and s.
20
Let r = 274 - 204. Let o(s) = -s**3 + 10*s**2 - 5*s + 10. Let w be o(8). Calculate the greatest common factor of w and r.
14
Let o be (2018 - 6/3)/(13/(-455)*-7). What is the greatest common divisor of o and 90?
90
Let x = 9001 - 7505. What is the greatest common divisor of x and 5049?
187
Suppose 0 = 3*t + 3*u + 25113, -4*t + 2*t - 16738 = -2*u. Let q be t/(-70) + (-8)/14. What is the greatest common factor of q and 17?
17
Suppose 4*i + 22 = 3*v, 15 = 3*v + 40*i - 37*i. Calculate the greatest common divisor of 327 and v.
3
Let c(m) = -m**2 + 6*m + 6. Let j be c(6). Let n be (1 + 1/11)/((-10)/(-165)). Calculate the highest common factor of j and n.
6
Let o(n) = 9*n**2 + 16*n + 91. Let c be o(-7). Calculate the highest common factor of 945 and c.
105
Let y = 31 + -34. Let f be (-2)/(-2 + (-4)/y). Let l be (-12)/f - 9*-1. What is the greatest common factor of 10 and l?
5
Let s be (-2)/13 + 372/52 + -2. Suppose r - s = 0, -4*z = -z + 2*r - 4. Let c be z/((-7)/(1155/6)). Calculate the highest common factor of 5 and c.
5
Suppose -1446*f + 14924 = -1442*f - 4*s, -2*f = 4*s - 7432. Calculate the highest common divisor of 162 and f.
162
Let s = -3139 + 3164. What is the highest common factor of 1325 and s?
25
Let i = -410 + 424. Suppose i*b - 1812 = -664. Calculate the highest common divisor of b and 1312.
82
Let n be ((-210)/(-20) - 11)*(166 + 0). Let q = 94 + n. Let d = -503 + 712. Calculate the greatest common factor of q and d.
11
Suppose 2*i + 2*j = 0, -6*i = -7*i + 2*j - 9. Let l(t) = -13*t - 5. Let h be l(i). What is the greatest common divisor of 170 and h?
34
Let i be (231/(-6) + 6)/(17/(-136)). What is the highest common divisor of i and 90?
10
Let l = 13188 + -12748. Calculate the greatest common divisor of 280 and l.
40
Suppose -32*i - 4200 = -44*i. What is the highest common factor of 125 and i?
25
Suppose 5*z + 329 = o, 0 = -10*z + 9*z - 4. What is the greatest common divisor of o and 12?
3
Let v = 14693 + -11312. Calculate the greatest common factor of v and 1323.
147
Let m be -5*((-368)/5)/(-8). Let y = 47 + m. What is the greatest common factor of y and 3?
1
Let g(r) = 342*r - 2556. Let b be g(56). Calculate the greatest common divisor of b and 36.
36
Let h be (-16)/(-36)*(-1 - ((-3419)/(-2))/(-13)). What is the highest common factor of 2929 and h?
29
Suppose -3*m + 4*d = -689, 0 = -d - 13146 + 13153. What is the greatest common factor of 40391 and m?
239
Let d(v) = -v + 14. Let h be d(9). Let j be 1/((h/(-2))/(-5)) + 3. Let m = j + 9. What is the highest common factor of 14 and m?
14
Suppose -79*r - 15114 + 48927 = 74*r. What is the highest common factor of 578 and r?
17
Let o(s) = 683*s - 1357. Let m be o(2). Suppose 110 + 70 = 5*i. What is the highest common divisor of i and m?
9
Let j be 62/((13 - 2) + -9). Calculate the greatest common factor of j and 775.
31
Let d = 5146 + -2732. What is the greatest common divisor of 17 and d?
17
Let z be (18/27)/(2/(-1098)). Let x = -212 - z. Calculate the greatest common factor of 14 and x.
14
Let b be 10 + -10 + -8 + -2*(6 + -16). Calculate the greatest common factor of b and 63348.
12
Let m(f) = f + 8. Let d be m(-4). Suppose 4*j - 43 = j - d*a, 2*a - 8 = 0. Let v be 14 - (11/6 + (-2)/(-12)). Calculate the greatest common divisor of v and j.
3
Let r be (201/(-12))/((45/18 + -3)/30). Calculate the highest common factor of 871 and r.
67
Let t = 361 + -358. Suppose -5*z + 627 = -3*g, t*z = -16*g + 15*g + 379. Calculate the greatest common factor of 70 and z.
14
Suppose -t + 381 = 4*y, t + 185 = 2*y - 4*t. Suppose -7*b - 8 = b. Let a be (b - (-13)/(-6))/((-10)/60). What is the highest common divisor of y and a?
19
Let l(y) = -4*y**2 + 17*y**2 + 2*y**2 - y**2 + 8*y**2 - 7*y - 6. Let z = -9 + 5. Let r be l(z). Calculate the greatest common factor of r and 34.
34
Let u = 18653 + -18644. What is the highest common divisor of 7173 and u?
9
Let u be (252 + -68 + 6/3 + -2)*1. Let n = -40 - -80. Calculate the greatest common factor of n and u.
8
Suppose -90*z - 21*z = 25*z - 19584. What is the highest common factor of z and 900?
36
Let w(u) = 4*u**2 + 20*u - 55. Let n be w(-8). Suppose n*r + 9*r = 4550. Let v = -14 - -27. What is the greatest common factor of v and r?
13
Let c(t) = 54*t**2 - 11*t + 13. Let n be c(1). What is the highest common factor of n and 1022?
14
Let l be ((-880)/(-308))/((-68)/(-595)). Let r(c) = 14*c + 1. Let n be r(6). Calculate the greatest common divisor of l and n.
5
Suppose 4*j + 33 = 2*y - 7, -4*j - 72 = -4*y. Let q = 138758 + -138390. What is the greatest common divisor of q and y?
16
Suppose -d + 1 = 0, f - 6*f = d + 1244. Let u = 275 + f. What is the greatest common factor of 325 and u?
13
Suppose 63 = -5*r - 0*r + k, 0 = -r + 2*k - 18. Suppose 0 = -593*t + 598*t - 180. Let s = t + r. Calculate the greatest common divisor of 72 and s.
24
Suppose -15*r - 10*r + 4600 = 0. Let o = 189 - r. What is the greatest common divisor of o and 10?
5
Suppose -93190 = -32*r - 15974. What is the highest common factor of 19 and r?
19
Suppose 5031 = g - 2*r, -2075*g + 25179 = -2070*g - 2*r. Calculate the greatest common factor of g and 552.
69
Suppose 0 = -5*m + 3*j + 669, 5*j - 564 = -5*m + 121. Let d(o) = -2*o**3 - o**2 + 41*o + 10. Let r be d(-5). What is the greatest common divisor of m and r?
15
Let m = 6656 + -6032. Calculate the highest common factor of m and 156.
156
Let r = -28090 + 28858. Calculate the highest common factor of 60 and r.
12
Let x be (0 - 2)/((-5)/355) + 6*1. What is the greatest common factor of x and 740?
148
Let q = 4864 - 3716. Calculate the greatest common divisor of q and 328.
164
Suppose 293 = -5*f + 283. Let t(l) = 5*l + 20. Let u be t(f). What is the greatest common divisor of 16 and u?
2
Suppose -387*c + 364*c + 2392 = 0. Let y(d) = d**2 + 2*d - 2. Let a be y(-5). Suppose -a = 5*f - 78. What is the greatest common factor of c and f?
13
Let f be (-3)/2*(21 + 2869/(-57)). What is the highest common factor of f and 1628?
44
Suppose -47*k = -2*l - 49*k + 14, 3*l - 29 = -5*k. What is the highest common divisor of 79 and l?
1
Let i(r) = -47*r**2 + 455*r + 4. Let w be i(8). What is the greatest common divisor of 3021 and w?
159
Suppose -7 = -2*v - 5*x - 3, 31 = 3*v - 5*x. Let t be (-12*v/(-49))/(1/7). Calculate the highest common factor of 44 and t.
4
Suppose 4*k = -2*w + 24, 0 = 3*w + 27*k - 26*k - 51. What is the greatest common factor of 1854 and w?
18
Let u(z) = z**3 - 4*z**2 - 5*z + 4. Let j be u(5). Suppose j*v - 4*x - 96 = 3*v, 0 = -5*x + 5. What is the highest common factor of 12 and v?
4
Suppose -4*q - 644 = 58*k - 60*k, -3*k = -2*q - 95